{"id":14724,"date":"2022-11-04T15:03:50","date_gmt":"2022-11-04T14:03:50","guid":{"rendered":"https:\/\/www.technique-italia.com\/\/?post_type=product&#038;p=14724"},"modified":"2022-11-07T14:08:57","modified_gmt":"2022-11-07T13:08:57","slug":"balje-balsamo-de-protecao-da-cor","status":"publish","type":"product","link":"https:\/\/www.technique-italia.com\/pt-pt\/products\/tratamentos\/balje-pt-pt\/balje-balsamo-de-protecao-da-cor\/","title":{"rendered":"Balj\u00e8 | B\u00e1lsamo de prote\u00e7\u00e3o da cor"},"content":{"rendered":"","protected":false},"excerpt":{"rendered":"<p><span style=\"font-weight: 400;\">O B\u00e1lsamo de prote\u00e7\u00e3o da cor Balij\u00e8,<\/span><b> concebido para cabelos pintados e tratados<\/b><span style=\"font-weight: 400;\">, protege e real\u00e7a a cor do cabelo.<\/span><br \/>\n<span style=\"font-weight: 400;\">Enriquecido com <\/span><b>extratos de cavalinha<\/b><span style=\"font-weight: 400;\"> e <\/span><b>casca de noz<\/b><span style=\"font-weight: 400;\">.<\/span><\/p>\n<p><span style=\"font-weight: 400;\">1000 ml<\/span><\/p>\n","protected":false},"featured_media":14686,"template":"","meta":[],"product_brand":[],"product_cat":[635,628],"product_tag":[],"class_list":{"0":"post-14724","1":"product","2":"type-product","3":"status-publish","4":"has-post-thumbnail","6":"product_cat-balje-pt-pt","7":"product_cat-tratamentos","8":"description-off","10":"first","11":"instock","12":"shipping-taxable","13":"product-type-simple"},"yoast_head":"<!-- This site is optimized with the Yoast SEO plugin v26.8 - https:\/\/yoast.com\/product\/yoast-seo-wordpress\/ -->\n<title>Balj\u00e8 | B\u00e1lsamo de prote\u00e7\u00e3o da cor - Technique<\/title>\n<meta name=\"description\" content=\"O B\u00e1lsamo de prote\u00e7\u00e3o da cor Balij\u00e8, concebido para cabelos pintados e tratados, protege e real\u00e7a a cor do cabelo.\" \/>\n<meta name=\"robots\" content=\"index, follow, max-snippet:-1, max-image-preview:large, max-video-preview:-1\" \/>\n<link rel=\"canonical\" href=\"https:\/\/www.technique-italia.com\/pt-pt\/products\/tratamentos\/balje-pt-pt\/balje-balsamo-de-protecao-da-cor\/\" \/>\n<meta property=\"og:locale\" content=\"pt_PT\" \/>\n<meta property=\"og:type\" content=\"article\" \/>\n<meta property=\"og:title\" content=\"Balj\u00e8 | B\u00e1lsamo de prote\u00e7\u00e3o da cor - Technique\" \/>\n<meta property=\"og:description\" content=\"O B\u00e1lsamo de prote\u00e7\u00e3o da cor Balij\u00e8, concebido para cabelos pintados e tratados, protege e real\u00e7a a cor do cabelo.\" \/>\n<meta property=\"og:url\" content=\"https:\/\/www.technique-italia.com\/pt-pt\/products\/tratamentos\/balje-pt-pt\/balje-balsamo-de-protecao-da-cor\/\" \/>\n<meta property=\"og:site_name\" content=\"Technique\" \/>\n<meta property=\"article:modified_time\" content=\"2022-11-07T13:08:57+00:00\" \/>\n<meta property=\"og:image\" content=\"https:\/\/www.technique-italia.com\/wp-content\/uploads\/2022\/10\/02100_technique_treatment_balje_color_protection_hair_conditioner_1000ml-1.png\" \/>\n\t<meta property=\"og:image:width\" content=\"600\" \/>\n\t<meta property=\"og:image:height\" content=\"600\" \/>\n\t<meta property=\"og:image:type\" content=\"image\/png\" \/>\n<meta name=\"twitter:card\" content=\"summary_large_image\" \/>\n<script type=\"application\/ld+json\" class=\"yoast-schema-graph\">{\"@context\":\"https:\/\/schema.org\",\"@graph\":[{\"@type\":\"WebPage\",\"@id\":\"https:\/\/www.technique-italia.com\/pt-pt\/products\/tratamentos\/balje-pt-pt\/balje-balsamo-de-protecao-da-cor\/\",\"url\":\"https:\/\/www.technique-italia.com\/pt-pt\/products\/tratamentos\/balje-pt-pt\/balje-balsamo-de-protecao-da-cor\/\",\"name\":\"Balj\u00e8 | B\u00e1lsamo de prote\u00e7\u00e3o da cor - Technique\",\"isPartOf\":{\"@id\":\"https:\/\/www.technique-italia.com\/pt-pt\/#website\"},\"primaryImageOfPage\":{\"@id\":\"https:\/\/www.technique-italia.com\/pt-pt\/products\/tratamentos\/balje-pt-pt\/balje-balsamo-de-protecao-da-cor\/#primaryimage\"},\"image\":{\"@id\":\"https:\/\/www.technique-italia.com\/pt-pt\/products\/tratamentos\/balje-pt-pt\/balje-balsamo-de-protecao-da-cor\/#primaryimage\"},\"thumbnailUrl\":\"https:\/\/www.technique-italia.com\/wp-content\/uploads\/2022\/10\/02100_technique_treatment_balje_color_protection_hair_conditioner_1000ml-1.png\",\"datePublished\":\"2022-11-04T14:03:50+00:00\",\"dateModified\":\"2022-11-07T13:08:57+00:00\",\"description\":\"O B\u00e1lsamo de prote\u00e7\u00e3o da cor Balij\u00e8, concebido para cabelos pintados e tratados, protege e real\u00e7a a cor do cabelo.\",\"breadcrumb\":{\"@id\":\"https:\/\/www.technique-italia.com\/pt-pt\/products\/tratamentos\/balje-pt-pt\/balje-balsamo-de-protecao-da-cor\/#breadcrumb\"},\"inLanguage\":\"pt-PT\",\"potentialAction\":[{\"@type\":\"ReadAction\",\"target\":[\"https:\/\/www.technique-italia.com\/pt-pt\/products\/tratamentos\/balje-pt-pt\/balje-balsamo-de-protecao-da-cor\/\"]}]},{\"@type\":\"ImageObject\",\"inLanguage\":\"pt-PT\",\"@id\":\"https:\/\/www.technique-italia.com\/pt-pt\/products\/tratamentos\/balje-pt-pt\/balje-balsamo-de-protecao-da-cor\/#primaryimage\",\"url\":\"https:\/\/www.technique-italia.com\/wp-content\/uploads\/2022\/10\/02100_technique_treatment_balje_color_protection_hair_conditioner_1000ml-1.png\",\"contentUrl\":\"https:\/\/www.technique-italia.com\/wp-content\/uploads\/2022\/10\/02100_technique_treatment_balje_color_protection_hair_conditioner_1000ml-1.png\",\"width\":600,\"height\":600},{\"@type\":\"BreadcrumbList\",\"@id\":\"https:\/\/www.technique-italia.com\/pt-pt\/products\/tratamentos\/balje-pt-pt\/balje-balsamo-de-protecao-da-cor\/#breadcrumb\",\"itemListElement\":[{\"@type\":\"ListItem\",\"position\":1,\"name\":\"Home\",\"item\":\"https:\/\/www.technique-italia.com\/pt-pt\/\"},{\"@type\":\"ListItem\",\"position\":2,\"name\":\"Produtos\",\"item\":\"https:\/\/www.technique-italia.com\/pt-pt\/shop\/\"},{\"@type\":\"ListItem\",\"position\":3,\"name\":\"Balj\u00e8 | B\u00e1lsamo de prote\u00e7\u00e3o da cor\"}]},{\"@type\":\"WebSite\",\"@id\":\"https:\/\/www.technique-italia.com\/pt-pt\/#website\",\"url\":\"https:\/\/www.technique-italia.com\/pt-pt\/\",\"name\":\"Technique\",\"description\":\"The Italian Concept\",\"potentialAction\":[{\"@type\":\"SearchAction\",\"target\":{\"@type\":\"EntryPoint\",\"urlTemplate\":\"https:\/\/www.technique-italia.com\/pt-pt\/?s={search_term_string}\"},\"query-input\":{\"@type\":\"PropertyValueSpecification\",\"valueRequired\":true,\"valueName\":\"search_term_string\"}}],\"inLanguage\":\"pt-PT\"}]}<\/script>\n<!-- \/ Yoast SEO plugin. -->","yoast_head_json":{"title":"Balj\u00e8 | B\u00e1lsamo de prote\u00e7\u00e3o da cor - Technique","description":"O B\u00e1lsamo de prote\u00e7\u00e3o da cor Balij\u00e8, concebido para cabelos pintados e tratados, protege e real\u00e7a a cor do cabelo.","robots":{"index":"index","follow":"follow","max-snippet":"max-snippet:-1","max-image-preview":"max-image-preview:large","max-video-preview":"max-video-preview:-1"},"canonical":"https:\/\/www.technique-italia.com\/pt-pt\/products\/tratamentos\/balje-pt-pt\/balje-balsamo-de-protecao-da-cor\/","og_locale":"pt_PT","og_type":"article","og_title":"Balj\u00e8 | B\u00e1lsamo de prote\u00e7\u00e3o da cor - Technique","og_description":"O B\u00e1lsamo de prote\u00e7\u00e3o da cor Balij\u00e8, concebido para cabelos pintados e tratados, protege e real\u00e7a a cor do cabelo.","og_url":"https:\/\/www.technique-italia.com\/pt-pt\/products\/tratamentos\/balje-pt-pt\/balje-balsamo-de-protecao-da-cor\/","og_site_name":"Technique","article_modified_time":"2022-11-07T13:08:57+00:00","og_image":[{"width":600,"height":600,"url":"https:\/\/www.technique-italia.com\/wp-content\/uploads\/2022\/10\/02100_technique_treatment_balje_color_protection_hair_conditioner_1000ml-1.png","type":"image\/png"}],"twitter_card":"summary_large_image","schema":{"@context":"https:\/\/schema.org","@graph":[{"@type":"WebPage","@id":"https:\/\/www.technique-italia.com\/pt-pt\/products\/tratamentos\/balje-pt-pt\/balje-balsamo-de-protecao-da-cor\/","url":"https:\/\/www.technique-italia.com\/pt-pt\/products\/tratamentos\/balje-pt-pt\/balje-balsamo-de-protecao-da-cor\/","name":"Balj\u00e8 | B\u00e1lsamo de prote\u00e7\u00e3o da cor - Technique","isPartOf":{"@id":"https:\/\/www.technique-italia.com\/pt-pt\/#website"},"primaryImageOfPage":{"@id":"https:\/\/www.technique-italia.com\/pt-pt\/products\/tratamentos\/balje-pt-pt\/balje-balsamo-de-protecao-da-cor\/#primaryimage"},"image":{"@id":"https:\/\/www.technique-italia.com\/pt-pt\/products\/tratamentos\/balje-pt-pt\/balje-balsamo-de-protecao-da-cor\/#primaryimage"},"thumbnailUrl":"https:\/\/www.technique-italia.com\/wp-content\/uploads\/2022\/10\/02100_technique_treatment_balje_color_protection_hair_conditioner_1000ml-1.png","datePublished":"2022-11-04T14:03:50+00:00","dateModified":"2022-11-07T13:08:57+00:00","description":"O B\u00e1lsamo de prote\u00e7\u00e3o da cor Balij\u00e8, concebido para cabelos pintados e tratados, protege e real\u00e7a a cor do cabelo.","breadcrumb":{"@id":"https:\/\/www.technique-italia.com\/pt-pt\/products\/tratamentos\/balje-pt-pt\/balje-balsamo-de-protecao-da-cor\/#breadcrumb"},"inLanguage":"pt-PT","potentialAction":[{"@type":"ReadAction","target":["https:\/\/www.technique-italia.com\/pt-pt\/products\/tratamentos\/balje-pt-pt\/balje-balsamo-de-protecao-da-cor\/"]}]},{"@type":"ImageObject","inLanguage":"pt-PT","@id":"https:\/\/www.technique-italia.com\/pt-pt\/products\/tratamentos\/balje-pt-pt\/balje-balsamo-de-protecao-da-cor\/#primaryimage","url":"https:\/\/www.technique-italia.com\/wp-content\/uploads\/2022\/10\/02100_technique_treatment_balje_color_protection_hair_conditioner_1000ml-1.png","contentUrl":"https:\/\/www.technique-italia.com\/wp-content\/uploads\/2022\/10\/02100_technique_treatment_balje_color_protection_hair_conditioner_1000ml-1.png","width":600,"height":600},{"@type":"BreadcrumbList","@id":"https:\/\/www.technique-italia.com\/pt-pt\/products\/tratamentos\/balje-pt-pt\/balje-balsamo-de-protecao-da-cor\/#breadcrumb","itemListElement":[{"@type":"ListItem","position":1,"name":"Home","item":"https:\/\/www.technique-italia.com\/pt-pt\/"},{"@type":"ListItem","position":2,"name":"Produtos","item":"https:\/\/www.technique-italia.com\/pt-pt\/shop\/"},{"@type":"ListItem","position":3,"name":"Balj\u00e8 | B\u00e1lsamo de prote\u00e7\u00e3o da cor"}]},{"@type":"WebSite","@id":"https:\/\/www.technique-italia.com\/pt-pt\/#website","url":"https:\/\/www.technique-italia.com\/pt-pt\/","name":"Technique","description":"The Italian Concept","potentialAction":[{"@type":"SearchAction","target":{"@type":"EntryPoint","urlTemplate":"https:\/\/www.technique-italia.com\/pt-pt\/?s={search_term_string}"},"query-input":{"@type":"PropertyValueSpecification","valueRequired":true,"valueName":"search_term_string"}}],"inLanguage":"pt-PT"}]}},"_links":{"self":[{"href":"https:\/\/www.technique-italia.com\/pt-pt\/wp-json\/wp\/v2\/product\/14724","targetHints":{"allow":["GET"]}}],"collection":[{"href":"https:\/\/www.technique-italia.com\/pt-pt\/wp-json\/wp\/v2\/product"}],"about":[{"href":"https:\/\/www.technique-italia.com\/pt-pt\/wp-json\/wp\/v2\/types\/product"}],"wp:featuredmedia":[{"embeddable":true,"href":"https:\/\/www.technique-italia.com\/pt-pt\/wp-json\/wp\/v2\/media\/14686"}],"wp:attachment":[{"href":"https:\/\/www.technique-italia.com\/pt-pt\/wp-json\/wp\/v2\/media?parent=14724"}],"wp:term":[{"taxonomy":"product_brand","embeddable":true,"href":"https:\/\/www.technique-italia.com\/pt-pt\/wp-json\/wp\/v2\/product_brand?post=14724"},{"taxonomy":"product_cat","embeddable":true,"href":"https:\/\/www.technique-italia.com\/pt-pt\/wp-json\/wp\/v2\/product_cat?post=14724"},{"taxonomy":"product_tag","embeddable":true,"href":"https:\/\/www.technique-italia.com\/pt-pt\/wp-json\/wp\/v2\/product_tag?post=14724"}],"curies":[{"name":"wp","href":"https:\/\/api.w.org\/{rel}","templated":true}]}}

Baljè | Bálsamo de proteção da cor

<p><span style="font-weight: 400;">O Bálsamo de proteção da cor Balijè,</span><b> concebido para cabelos pintados e tratados</b><span style="font-weight: 400;">, protege e realça a cor do cabelo.</span><br />
<span style="font-weight: 400;">Enriquecido com </span><b>extratos de cavalinha</b><span style="font-weight: 400;"> e </span><b>casca de noz</b><span style="font-weight: 400;">.</span></p>
<p><span style="font-weight: 400;">1000 ml</span></p>

<!-- This site is optimized with the Yoast SEO plugin v26.8 - https://yoast.com/product/yoast-seo-wordpress/ -->
<title>Baljè | Bálsamo de proteção da cor - Technique</title>
<meta name="description" content="O Bálsamo de proteção da cor Balijè, concebido para cabelos pintados e tratados, protege e realça a cor do cabelo." />
<meta name="robots" content="index, follow, max-snippet:-1, max-image-preview:large, max-video-preview:-1" />
<link rel="canonical" href="https://www.technique-italia.com/pt-pt/products/tratamentos/balje-pt-pt/balje-balsamo-de-protecao-da-cor/" />
<meta property="og:locale" content="pt_PT" />
<meta property="og:type" content="article" />
<meta property="og:title" content="Baljè | Bálsamo de proteção da cor - Technique" />
<meta property="og:description" content="O Bálsamo de proteção da cor Balijè, concebido para cabelos pintados e tratados, protege e realça a cor do cabelo." />
<meta property="og:url" content="https://www.technique-italia.com/pt-pt/products/tratamentos/balje-pt-pt/balje-balsamo-de-protecao-da-cor/" />
<meta property="og:site_name" content="Technique" />
<meta property="article:modified_time" content="2022-11-07T13:08:57+00:00" />
<meta property="og:image" content="https://www.technique-italia.com/wp-content/uploads/2022/10/02100_technique_treatment_balje_color_protection_hair_conditioner_1000ml-1.png" />
	<meta property="og:image:width" content="600" />
	<meta property="og:image:height" content="600" />
	<meta property="og:image:type" content="image/png" />
<meta name="twitter:card" content="summary_large_image" />
<script type="application/ld+json" class="yoast-schema-graph">{"@context":"https://schema.org","@graph":[{"@type":"WebPage","@id":"https://www.technique-italia.com/pt-pt/products/tratamentos/balje-pt-pt/balje-balsamo-de-protecao-da-cor/","url":"https://www.technique-italia.com/pt-pt/products/tratamentos/balje-pt-pt/balje-balsamo-de-protecao-da-cor/","name":"Baljè | Bálsamo de proteção da cor - Technique","isPartOf":{"@id":"https://www.technique-italia.com/pt-pt/#website"},"primaryImageOfPage":{"@id":"https://www.technique-italia.com/pt-pt/products/tratamentos/balje-pt-pt/balje-balsamo-de-protecao-da-cor/#primaryimage"},"image":{"@id":"https://www.technique-italia.com/pt-pt/products/tratamentos/balje-pt-pt/balje-balsamo-de-protecao-da-cor/#primaryimage"},"thumbnailUrl":"https://www.technique-italia.com/wp-content/uploads/2022/10/02100_technique_treatment_balje_color_protection_hair_conditioner_1000ml-1.png","datePublished":"2022-11-04T14:03:50+00:00","dateModified":"2022-11-07T13:08:57+00:00","description":"O Bálsamo de proteção da cor Balijè, concebido para cabelos pintados e tratados, protege e realça a cor do cabelo.","breadcrumb":{"@id":"https://www.technique-italia.com/pt-pt/products/tratamentos/balje-pt-pt/balje-balsamo-de-protecao-da-cor/#breadcrumb"},"inLanguage":"pt-PT","potentialAction":[{"@type":"ReadAction","target":["https://www.technique-italia.com/pt-pt/products/tratamentos/balje-pt-pt/balje-balsamo-de-protecao-da-cor/"]}]},{"@type":"ImageObject","inLanguage":"pt-PT","@id":"https://www.technique-italia.com/pt-pt/products/tratamentos/balje-pt-pt/balje-balsamo-de-protecao-da-cor/#primaryimage","url":"https://www.technique-italia.com/wp-content/uploads/2022/10/02100_technique_treatment_balje_color_protection_hair_conditioner_1000ml-1.png","contentUrl":"https://www.technique-italia.com/wp-content/uploads/2022/10/02100_technique_treatment_balje_color_protection_hair_conditioner_1000ml-1.png","width":600,"height":600},{"@type":"BreadcrumbList","@id":"https://www.technique-italia.com/pt-pt/products/tratamentos/balje-pt-pt/balje-balsamo-de-protecao-da-cor/#breadcrumb","itemListElement":[{"@type":"ListItem","position":1,"name":"Home","item":"https://www.technique-italia.com/pt-pt/"},{"@type":"ListItem","position":2,"name":"Produtos","item":"https://www.technique-italia.com/pt-pt/shop/"},{"@type":"ListItem","position":3,"name":"Baljè | Bálsamo de proteção da cor"}]},{"@type":"WebSite","@id":"https://www.technique-italia.com/pt-pt/#website","url":"https://www.technique-italia.com/pt-pt/","name":"Technique","description":"The Italian Concept","potentialAction":[{"@type":"SearchAction","target":{"@type":"EntryPoint","urlTemplate":"https://www.technique-italia.com/pt-pt/?s={search_term_string}"},"query-input":{"@type":"PropertyValueSpecification","valueRequired":true,"valueName":"search_term_string"}}],"inLanguage":"pt-PT"}]}</script>
<!-- / Yoast SEO plugin. -->

Baljè | Bálsamo de proteção da cor - Technique

O Bálsamo de proteção da cor Balijè, concebido para cabelos pintados e tratados, protege e realça a cor do cabelo.
